 c = 2 - 2. Suppose c = 2*l - 3*w - 103, 3*w - 160 = -5*l + 129. What is the highest common factor of v and l?
7
Let f(a) = 210*a**2 - a. Let x = -75 - -76. Let i be f(x). Calculate the highest common factor of i and 11.
11
Suppose 42 = -0*w + 7*w. Let n be -1 + (0 + 4 - w)*-14. Calculate the highest common divisor of 18 and n.
9
Let l = -986 - -1074. What is the greatest common divisor of l and 88?
88
Let u be 5*1/(-2)*-24. Let b be (-6)/(1 + (-14)/12). What is the greatest common divisor of u and b?
12
Suppose -7*n + 351 = 4*l - 4*n, -5*n - 375 = -4*l. What is the greatest common factor of l and 15?
15
Let i(a) = a**2 - 5*a + 9. Let u be i(5). Let h(p) = -2*p + 22. Let y be h(u). Calculate the highest common factor of 16 and y.
4
Let j(d) = -d**3 + 6*d**2 + d + 2. Let y be j(6). Suppose -x - 5*f + 159 - 62 = 0, 0 = -4*f + 20. What is the highest common divisor of y and x?
8
Let m = 146 + 8. What is the greatest common divisor of 14 and m?
14
Suppose 10*m - 28*m + 1764 = 0. What is the highest common factor of 1029 and m?
49
Suppose 53 = 4*x + 3*n, 3*x - n - 18 = 12. Calculate the highest common factor of x and 66.
11
Suppose 19 = t - 56. What is the highest common divisor of 50 and t?
25
Suppose -f - 8 = 5*l - 20, 0 = 2*l + 2*f - 8. Calculate the highest common divisor of l and 1.
1
Suppose k + g - 20 = -3*g, 5*g - 7 = k. Let y = 2 - 0. Let h be -1 + 0 - (-27 + y). Calculate the highest common divisor of k and h.
8
Suppose 134*q + 2880 = 143*q. What is the greatest common divisor of q and 2?
2
Suppose -29*t - 614 = -2528. What is the greatest common factor of t and 99?
33
Suppose 5*k - 4*c - 300 = 4*k, -650 = -2*k - 2*c. Calculate the highest common divisor of k and 5.
5
Suppose 2*l - 89 = -3*f, -2*l - l + 114 = -2*f. Let i be (l/6)/((-6)/36). Let g = i + 58. Calculate the greatest common factor of 18 and g.
18
Let s be 2/8 + (-210)/40. Let k be (14/s)/(3*(-4)/30). What is the highest common divisor of 77 and k?
7
Let k be 5/(330/1002) - 4/22. Calculate the greatest common factor of k and 20.
5
Let h(x) be the first derivative of 3*x**2 - x - 2. Let o be h(3). Let v(j) = -21*j + 206. Let c be v(9). Calculate the highest common factor of c and o.
17
Let o be (-2)/5 - (-374)/10. Let i = 38 - o. What is the highest common factor of i and 1?
1
Let j(z) = -z**2 + 23*z + 1. Let g be j(19). What is the greatest common divisor of g and 56?
7
Suppose 0 = 21*b - 148 - 230. Let q(p) = -p + 2. Let k be (-2 - -2)/2*-1. Let w be q(k). What is the greatest common factor of w and b?
2
Let c(q) = -q**2 - 20*q - 18. Let o be c(-18). Let d = o - -25. Let r be d - (-3 - -1) - -3. Calculate the highest common factor of r and 8.
8
Let f be (-3)/(-1 - 13/(-16)). Let y = f - 31. Let i = y + 28. Calculate the highest common divisor of 65 and i.
13
Suppose 18*n - 456 = 26*n. Let i be -1*(-4 + n) - -3. Calculate the highest common factor of 160 and i.
32
Let h be -1 + 2 + 0 + -2. Let z(i) = -106*i - 1. Let u be z(h). Suppose 41*p = 16*p + 375. Calculate the greatest common factor of u and p.
15
Suppose -2 = 2*h, -6*h + 159 = 3*v - 9*h. Calculate the highest common factor of v and 286.
26
Suppose -2*g - f + 313 = 0, -5*f - 498 = -4*g + 93. What is the greatest common divisor of g and 14?
14
Suppose 3*n + 3*n - 24 = 0. Suppose 5*p - 9 = -0*p + 2*o, n*o = 12. Suppose 2*a + 4*q = -2, 5*q + 13 = 5*a + 3. Calculate the highest common divisor of a and p.
1
Let g(w) = w**2 + 7*w + 44. Let l be g(0). What is the highest common factor of l and 220?
44
Suppose 0 = 5*k - 387 + 117. What is the greatest common factor of k and 108?
54
Let b(a) = a**3 - 11*a**2 - 28*a - 4. Let i be b(12). Let o = 140 + -83. Let d = o - i. What is the highest common divisor of 23 and d?
23
Let i be 3/(-6) + 18/4. Let k = 15 + -12. Suppose k*x - 2*x + 11 = p, 8 = -i*x. Calculate the highest common factor of p and 27.
9
Let x(k) = k. Let m(p) = -4*p - 8. Let o(l) = -m(l) - 2*x(l). Let z be o(8). Calculate the highest common factor of z and 36.
12
Let s be 2/(-6) - (-6702)/18. Let c = s - 256. What is the greatest common factor of 29 and c?
29
Let s be (-2 + 6/4)*-326. Let m = s - 39. Calculate the highest common divisor of 31 and m.
31
Suppose -p = 4*p + 2*u - 408, 4*p - 308 = 3*u. Calculate the highest common divisor of p and 90.
10
Suppose 3*m + s - 5 = 2*m, 5*m - 13 = s. Suppose v + 5*b = m*v - 47, -5*b + 5 = 0. Calculate the greatest common divisor of v and 13.
13
Suppose 72*j = 101*j - 580. Calculate the highest common divisor of j and 670.
10
Let d(p) = p + 9. Let b be d(-7). Suppose -n - b*n = -18. What is the highest common factor of n and 15?
3
Suppose t - 529 = -5*g, 2*g - 48 - 178 = -4*t. Calculate the highest common divisor of g and 35.
35
Suppose 2*p - 7*p = -150. Let m(j) = 54*j - 258. Let v be m(5). Calculate the greatest common factor of v and p.
6
Let g = -19 - -23. Suppose 2*q = -s + 20, -g = q + q. Calculate the highest common divisor of s and 18.
6
Suppose 0 = -2*l - 0*l - 3*h + 42, 3*l - h = 41. Let g be (-32)/(-12)*21 + 4. What is the highest common divisor of g and l?
15
Let w = -25 - -36. Let j(q) = -8*q - 24. Let b be j(-6). Let p be 153/15 + b/30. Calculate the greatest common factor of w and p.
11
Let x = -2 + 9. Let q = -540 - -595. Suppose q = -x*m + 8*m. What is the greatest common divisor of 5 and m?
5
Suppose -823 = -24*t + 89. Calculate the greatest common factor of t and 551.
19
Let c(w) = w**3 + w**2 + 11*w + 55. Let x be c(-3). Calculate the highest common divisor of x and 332.
4
Suppose 4*n + 2066 = -238. Let d be (-2 - (-2)/4)/(4/n). What is the highest common divisor of 24 and d?
24
Let o be 40/50*55/2. What is the highest common factor of o and 11?
11
Suppose -13 = 3*x + 20. Let f = x - -16. Suppose -n + 5*n - m - 83 = 0, f*n - 120 = -2*m. Calculate the highest common factor of 88 and n.
22
Let r be (-141*2)/(15/(-45)). Calculate the greatest common factor of r and 18.
18
Suppose -2440 = -5*z + 2*d + 3433, -5*d = 2*z - 2355. Calculate the highest common factor of 94 and z.
47
Let n(o) = 6*o**2 - o + 4. Let b be n(3). Let y = -593 + 615. Calculate the greatest common factor of b and y.
11
Let n = -61 - -80. Let j = n - -135. Calculate the highest common divisor of 14 and j.
14
Let f be (109/(-3) - 5)/(4/(-6)). Calculate the highest common divisor of f and 651.
31
Suppose 4 = -4*k + 4*v, 0 = 4*k - 5*v - 3 + 10. Suppose k*u = u + 13. Let c be u - 2/((-8)/(-12)). What is the highest common divisor of 15 and c?
5
Suppose c = -7 - 3. Let l = 22 + c. Suppose -4*m + 4*y + 0 = -l, -3*y = 2*m - 11. What is the highest common factor of 1 and m?
1
Suppose 0 = n + 2*f + 133, 4*f = n + 2*f + 121. Let s = n + 329. Let m = s - 134. Calculate the greatest common divisor of m and 17.
17
Suppose -381 = -12*q + 291. Calculate the greatest common divisor of 40 and q.
8
Let u(q) = 34*q**2 - 15*q**2 - 18*q**2 - 2*q - 15. Let o be u(6). Calculate the highest common factor of o and 36.
9
Suppose 5 = 6*u - u. Let k be 10 - (u + 0 + 0). Let m be (k/(-12))/((-4)/96). Calculate the highest common divisor of 12 and m.
6
Let k = 7 - 0. Let w = -54 + 75. What is the highest common factor of w and k?
7
Let o(v) = 8*v**2 - 4*v - 2. Suppose -45*t + 8 = -49*t. Let p be o(t). What is the highest common divisor of p and 304?
38
Let g be -3 - (-4)/((-16)/(-684)). What is the greatest common factor of 408 and g?
24
Suppose -a + 21 - 3 = 0. Suppose t + 19 = 3*r, 2*r - 9 + 2 = -5*t. Suppose 7*m - r = 8. What is the greatest common divisor of m and a?
2
Let v(l) = -l**3 - l**2 - 4. Let u be v(-3). Calculate the greatest common factor of 273 and u.
7
Let w(a) = 6*a + a**3 + 0 + 5 - 6*a**2 + 5*a - 10*a. Let n be w(6). Calculate the highest common factor of n and 88.
11
Suppose 2*h - 962 = -302. Let v = h + -98. What is the highest common factor of 29 and v?
29
Let k(d) = -2*d**3 + 5*d**2 - 5*d - 4. Let m be k(-2). Calculate the highest common factor of 574 and m.
14
Suppose 0 = -3*m + 18 + 21. Suppose m*v - 6 = 10*v. What is the greatest common factor of 4 and v?
2
Let p = 9 + -18. Let i = p - -4. Let m be i/((-20)/28) + 3. Calculate the highest common divisor of m and 80.
10
Let c be 130*-2 + -2 + 1. Let u = c + 492. Let x(y) = y**2 - 3*y + 3. Let n be x(6). What is the highest common factor of n and 